i - 1297 = 2*x - 361, 2*i + 5*x - 950 = f. What are the prime factors of i?
2, 5, 47
Let i(a) = a**3 - 8*a**2 + 14*a + 10. Let h be i(5). List the prime factors of (h + 7)*69/2.
2, 3, 23
Let w(v) = -6*v**3 - 3*v**2 - 65*v + 56. List the prime factors of w(-12).
2, 2693
Suppose 9 = 4*y - 15. Let z be (-32)/y*((-55)/10 + 4). What are the prime factors of z/16*(7 - 1)*11?
3, 11
Let u(z) = -z**2 + 6*z + 10. Let h be u(6). Suppose -t - 7 = -h. Suppose 5*l + t*p = 101, -p - 3*p = -l + 11. What are the prime factors of l?
19
Suppose 1154*h - 1217*h = -66717. What are the prime factors of h?
3, 353
Let s be (-332)/22 + 18/198. Let n = 23 - s. List the prime factors of n.
2, 19
Suppose -4*w + 63710 = -5*f, -13*f + 13054 = 5*w - 66545. List the prime factors of w.
5, 7, 13
Let a(c) = 7*c - 2. Let j be a(1). Suppose 2*s - 3*v = -598, -j*v + 1563 = -5*s + 63. What are the prime factors of s/(-4) - (-7)/14?
2, 19
Let i(c) = 1772*c**2 - 1033*c - 5. What are the prime factors of i(5)?
2, 5, 7, 13, 43
Let a be (4 + 238/5)*(-5)/2. What are the prime factors of ((-14)/2 + a)/(4/(-6))?
2, 3, 17
Let g(r) = 37*r + 17. Suppose 2*k = 3*c - k - 21, 5*k + 26 = 2*c. Suppose 3*s - c*n = 6, -2*n + 4 = s - 7. List the prime factors of g(s).
2, 101
Let c(b) = b**3 - 2*b**2 - 2*b + 3. Let n be c(3). Suppose -8*r = -n*r - 14. Suppose -r*q + q = -546. What are the prime factors of q?
7, 13
Let f = 133108 + -92162. List the prime factors of f.
2, 59, 347
Let b = 487 - -293. Let u = -444 + b. List the prime factors of u.
2, 3, 7
Let z(h) = 4*h**3 - 66*h**2 - 42*h + 63. What are the prime factors of z(20)?
7, 13, 53
Suppose 0 = -3*c - z + 141, 2*c - 5*z = 90 - 13. Let j = 261 - c. Suppose -7*r + j = -128. What are the prime factors of r?
7
Suppose -3*t = 6*t - 1503. Suppose 100 = 3*m + 4*k + 345, -k = 4*m + 318. Let n = m + t. What are the prime factors of n?
2, 11
Let c(b) = -2*b**2 - b + 2. Let i be c(1). Let g be 0 + 95/(-20) - i/(-4). What are the prime factors of g*2*2/(-4)?
5
Let v(o) = -o**2 + 7*o + 20. Let q be v(9). Suppose 1851 = 4*k - r, 1380 = 3*k + q*r - 0*r. Let i = k - 310. List the prime factors of i.
2, 19
Let s(d) = 3347*d**2 - 93*d - 140. What are the prime factors of s(-4)?
2, 3, 83
Let n = -60 - -75. Suppose 0 = 5*a + 135 + n. What are the prime factors of (a/(-25))/(6/670)?
2, 67
Let l(s) = s**3 - 15*s**2 + 28*s - 16. Suppose b = 4*b - 51. List the prime factors of l(b).
2, 3, 173
Let g be (-2)/1 - 436/4. Let b = g - -273. List the prime factors of b.
2, 3
Suppose -4*q + 47 = -113. Let a be ((-108)/(-10))/(16/q). Suppose -a*p - 60 = -31*p. List the prime factors of p.
3, 5
List the prime factors of -1 + -5 + 32140/3*(-18)/(-4).
2, 3, 13, 103
Let a(v) = -4*v - 12. Let l be a(-3). Suppose 5*r + 3*y - 3645 = y, l = 4*r - 5*y - 2883. Suppose -r = -7*g - 111. List the prime factors of g.
2, 11
What are the prime factors of (12/15)/(9/(-28515))*114/(-8)?
19, 1901
Let s(y) = -2*y. Let c be s(-1). Let q be (-32)/(-10)*(238/28 + 14). Suppose 34 = -c*b + q. List the prime factors of b.
19
Let r(j) be the first derivative of 31*j**2 - 12*j - 143. List the prime factors of r(5).
2, 149
Suppose 4*q = 5*a - 340 - 355, q = -a - 167. Let l = 65 + q. What are the prime factors of (-1 - l) + 2/1?
2, 53
What are the prime factors of ((-1136)/(-6))/(-14 + (-4630)/(-330))?
2, 11, 71
What are the prime factors of 7 + -4 + (-7)/4*4*-10521?
2, 3, 5, 491
Suppose 0 = -d + 41 - 29. Suppose z - d = -4*t - z, -5*t - 5*z = -5. Suppose 1177 = t*x + 202. What are the prime factors of x?
3, 5, 13
Suppose -j + 0*w + 13 = 2*w, 0 = -5*j - w + 29. Suppose 0 = b - 3, -j*c + b + 2328 = -3094. What are the prime factors of c?
5, 7, 31
Let l = 3786 - 3458. List the prime factors of l.
2, 41
What are the prime factors of 9/(-6) + -14249*2/(-4)?
17, 419
Let v = 3 + -3. Suppose v = -3*t + 233 + 295. Suppose t = 3*q - q. List the prime factors of q.
2, 11
Suppose 4*k - 9 = k. Let f be 1*k + (-14 - -13). Suppose -f*b + 19 + 15 = 0. List the prime factors of b.
17
Let u be (-2230)/3*(-198)/165. Suppose -6*c + u = 106. What are the prime factors of c?
131
Let s = -269 - -126. Let u = s + 405. List the prime factors of u.
2, 131
Let s(u) = -132*u - 23. Let a be s(-11). List the prime factors of 1/4*a + (-38)/152.
3, 7, 17
List the prime factors of 27/(-90) - (-17778)/60.
2, 37
What are the prime factors of 3524*172/88 + (-7)/((-308)/8)?
2, 3, 7, 41
Suppose 0 = -19*z + 957 + 164. Suppose 4*l = -20, -a - z*l + 279 = -54*l. List the prime factors of a.
2, 19
Let n = 77676 - 41755. What are the prime factors of n?
17, 2113
Suppose -18*d = 44209 - 145207. List the prime factors of d.
31, 181
Suppose 5*n + 0*n = 25. Let b(s) = -3*s - 7*s**2 + 4 + 17*s**2 + n*s**2 + 4*s**2. List the prime factors of b(1).
2, 5
Let j(m) = -7*m + 10*m + 15*m - 6 + 9*m. Let b be j(2). Let t = b + -17. What are the prime factors of t?
31
Suppose -4*c + 2*c - 308 = 4*w, 2*c - 5*w = -263. Let u be (3 + -297)/((-20)/20). Let l = u + c. What are the prime factors of l?
2, 3, 5
Let a = 12942 - -34969. What are the prime factors of a?
47911
Let r be (1694/98 - -12) + -1*2/7. Let f(n) = 17*n**2 + n - 1. Let x be f(1). Let c = r + x. What are the prime factors of c?
2, 23
Let s(d) = -290*d + 4063. List the prime factors of s(-31).
3, 19, 229
Suppose b = -4*c, -26 = -0*b + 3*b - c. List the prime factors of 9/(-12)*4*b.
2, 3
Suppose 4*j - 13842 = -52398. List the prime factors of (-7)/((-280)/16) + j/(-15).
643
Suppose -10*s - 3161 = -3*t - 6*s, 2*t - 5*s = 2112. List the prime factors of t - (21 - 7)/(-7).
3, 13
Suppose 5*k = -5*n - 57953 + 296938, 5*k = 3*n - 143439. List the prime factors of n.
7, 6829
Let l(z) = 1007*z**2 + 734*z + 2936. What are the prime factors of l(-4)?
2, 19, 53
Suppose -a = 118 + 5. Let x = a - -445. List the prime factors of x.
2, 7, 23
Suppose -378400 = -12*h - 41*h - 33*h. What are the prime factors of h?
2, 5, 11
Suppose -5*v = 5*h - 40, -4*v = -3*v - 4*h + 12. What are the prime factors of 9/(-5 - v) - (-435 + 0)?
2, 7, 31
Let x = -5965 - -8509. Suppose 4*j - x = 5*h, -j - 3*h + 633 = -5*h. List the prime factors of j.
641
Let p = 9001 - 2977. List the prime factors of p.
2, 3, 251
What are the prime factors of (-5)/(25/(-190505)) - (-10 + 20 + -8)?
31, 1229
Let s(k) = 1301*k - 1759. List the prime factors of s(7).
2, 11, 167
Let s(x) be the second derivative of -x**5/20 - 5*x**4/12 - 25*x**3/6 + x**2/2 + 33*x - 2. What are the prime factors of s(-6)?
11, 17
List the prime factors of (-359)/(-2*9/1782).
3, 11, 359
Suppose -9*i + 20*i = -6908. Let x = 374 - i. List the prime factors of x.
2, 3, 167
List the prime factors of (-110868)/9*15/(-20).
9239
Let f be 6/((-2)/(2*-54)). Suppose -o = -7*o + f. Suppose 174 = 4*h - 2*l, -4*h - 4*l - o + 234 = 0. List the prime factors of h.
2, 11
What are the prime factors of (-42 + -4810)*(9/(-3))/3?
2, 1213
Suppose 27 = -5*a - 4*u, -5*u + 3 = -4*a - 2*u. Let o be (2/a)/(28/42)*-715. Suppose -163*k + o = -158*k. List the prime factors of k.
11, 13
Let r = 154 + -149. List the prime factors of ((-7672)/35 + r)/(3/(-10)).
2, 3, 7, 17
Let m be -16 + 16 - (89 - 0). Let w = m - -17. Let x = -5 - w. What are the prime factors of x?
67
Suppose -4*h - 114 = 4*i - 30, 0 = h - 3. What are the prime factors of (-6)/4*224/i?
2, 7
Suppose 7*f - 74 = 5*f. Suppose w = -20 - f. Let z = w - -148. What are the prime factors of z?
7, 13
Let v = 26 - 23. Suppose -2*k = -3*k + v*n, -2*n - 10 = -4*k. Suppose -k*z - 255 = -3*b - 6*z, -z + 1 = 0. What are the prime factors of b?
2, 3, 7
Let d(n) = 2131*n - 1561. List the prime factors of d(12).
13, 1847
Let a = -459 + 1273. Suppose 0 = 5*l - 251 - a. List the prime factors of l.
3, 71
List the prime factors of (40/8 - -101)*68.
2, 17, 53
Let u = -13013 + 19543. List the prime factors of u.
2, 5, 653
Suppose y - 4*q - 23811 = -2*y, 3*y = 5*q + 23817. List the prime factors of y.
3, 881
Let q(h) = 88*h**2 - 2*h - 3. Let l be q(-2). Suppose 3*x - 229 - l = 0. List the prime factors of x.
2, 97
List the prime factors of 2836*(7285/20)/31.
47, 709
Suppose 9*h + 3 = 6*h. Let r(t) = -4*t**3 - 12*t**2 + 14*t - 2. Let d(w) = w**3 + w**2 - w + 1. Let l(u) = h*r(u) - 3*d(u). What are the prime factors of l(-9)?
2, 7
Let k(i) = -23*i**3 - 9*i**2 + 61*i 